{"id":775,"date":"2015-01-16T11:22:07","date_gmt":"2015-01-16T10:22:07","guid":{"rendered":"http:\/\/cuidsalud.com\/cuidsalud\/congresos-cuidadoras-y-cuidados-informales-y-familiares-2\/"},"modified":"2020-09-28T08:46:59","modified_gmt":"2020-09-28T06:46:59","slug":"congresos-cuidadoras-y-cuidados-informales-y-familiares","status":"publish","type":"portfolio","link":"https:\/\/cuidsalud.com\/en\/portfolio\/congresos-cuidadoras-y-cuidados-informales-y-familiares\/","title":{"rendered":"Cuidadoras y cuidados informales y familiares"},"content":{"rendered":"<p style=\"text-align: center;\"><span style=\"color: #ff0000;\">2018<\/span><\/p>\n<p>Moreno C\u00e1mara S, L\u00f3pez Mart\u00ednez C, Parra Anguita L. La vida paralela a los cuidados familiares de mayores con demencia [Life concomitant to the family care of elderly people with dementia]. IV Congreso internacional en contextos cl\u00ednicos y de la salud. Murcia, 9 de marzo de 2018.<\/p>\n<p>Moreno C\u00e1mara S, Parra Anguita L, L\u00f3pez Mart\u00ednez C. Las renuncias de las personas cuidadoras familiares de mayores con demencia [The resignations of family carers of elderly people with dementia]. IV Congreso internacional en contextos cl\u00ednicos y de la salud. Murcia, 9 de marzo de 2018.<\/p>\n<p>L\u00f3pez Mart\u00ednez C, Jurado Suarez D, G\u00f3mez Belmonte M, Moreno C\u00e1mara S. Satisfacci\u00f3n y apoyo social percibido en cuidadoras informales de familiares mayores dependientes de las comarcas de Ja\u00e9n [Satisfaction and social support perceived in informal caregivers of dependent older dependents in the regions of Jaen]. IV Congreso internacional en contextos cl\u00ednicos y de la salud. Murcia, 9 de marzo de 2018.<\/p>\n<p>Moreno C\u00e1mara S. Taller 2: Apoyo a cuidadoras de personas mayores con demencia\/Alzheimer desde internet [Workshop 2: Support for carers of elderly people with dementia\/Alzheimer&#8217;s from the internet]. II Congreso Internacional de Investigaci\u00f3n multidisciplinar en salud. Ja\u00e9n, 10 de abril de 2018.<\/p>\n<p style=\"text-align: center;\"><span style=\"color: #ff0000;\">2017<\/span><\/p>\n<p>P\u00e9rez-Cruz M, Mu\u00f1oz- Mart\u00ednez MA, Parra Anguita L, S\u00e1nchez-Garc\u00eda I. Necesidades b\u00e1sicas atendidas por las cuidadoras hospitalarias [Basic needs attended to by hospital caregivers]. XXI Encuentro Internacional de Investigaci\u00f3n en Cuidados (Investen). Madrid, 14-17 de noviembre de 2017. Disponible en: <a href=\"http:\/\/www.isciii.es\/ISCIII\/es\/contenidos\/fd-el-instituto\/fd-organizacion\/fd-estructura-directiva\/fd-subdireccion-general-servicios-aplicados-formacion-investigacion\/fd-centros-unidades\/fd-investen-isciii-2\/docus\/2017_XXI_encuentro_Investen_Madrid.pdf\" target=\"_blank\" rel=\"noopener noreferrer\">Libro de ponencias<\/a><\/p>\n<p>P\u00e9rez-Cruz M, Parra Anguita L, S\u00e1nchez-Garc\u00eda I, Del-Pino-Casado R. Factores relacionados con la ansiedad en personas cuidadoras familiares de mayores dependientes [Factors related with anxiety in family carers of elderly dependents]. XXI Encuentro Internacional de Investigaci\u00f3n en Cuidados (Investen). Madrid, 14-17 de noviembre de 2017. Disponible en: <a href=\"http:\/\/www.isciii.es\/ISCIII\/es\/contenidos\/fd-el-instituto\/fd-organizacion\/fd-estructura-directiva\/fd-subdireccion-general-servicios-aplicados-formacion-investigacion\/fd-centros-unidades\/fd-investen-isciii-2\/docus\/2017_XXI_encuentro_Investen_Madrid.pdf\" target=\"_blank\" rel=\"noopener noreferrer\">Libro de ponencias<\/a><\/p>\n<p>Moreno C\u00e1mara S. Necesidades y problemas de las personas cuidadoras familiares (PCF) de mayores con demencia\/Alzheimer [Needs and problems of family caregivers (FCP) of elderly people with dementia\/Alzheimer&#8217;s]. Workshop: mapeando la cognici\u00f3n a lo largo del continuo de la enfermedad de Alzheimer. Ja\u00e9n, 10 de noviembre de 2017.<\/p>\n<p>Serrano-Ortega, Natalia. Sobrecarga subjetiva y ansiedad en personas cuidadoras de mayores dependientes. IV Congreso Internacional Virtual Iberoamericano de Enfermer\u00eda.Funciden. Aula Virtual de Funciden. 2017.<\/p>\n<p style=\"text-align: center;\"><span style=\"color: #ff0000;\">2016<\/span><\/p>\n<p>Serrano-Ortega, Natalia. DECUIDA: Escala para la medici\u00f3n de la dedicaci\u00f3n en personas cuidadoras de mayores dependientes. III Congreso Internacional Virtual Ibero Americano de Enfermer\u00eda. 8-15 Marzo 2016.<\/p>\n<p>Serrano-Ortega, Natalia. Estudio Longitudinal para la mejora de la calidad de vida en el cuidado informal. Estudio Longitudinal para la mejora de la calidad de vida en el cuidado informal. 2016. C\u00f3rdoba.<\/p>\n<p>Serrano-Ortega, Natalia . Estrategia de afrontamiento disfuncional y sobrecarga subjetiva en el cuidado familiar de mayores dependientes. I Congreso Internacional de Investigaci\u00f3n Multidisciplinar en Salud. 14-15 Abril 2016. Universidad de Ja\u00e9n.<\/p>\n<p>Moral, L., Moreno, S., Fr\u00edas, A., Palomino, P.A. y Del Pino, R. (2016). El comienzo del cuidado de un familiar mayor dependiente: una metas\u00edntesis cualitativa. 1er Congreso Internacional de Investigaci\u00f3n Multidisciplinar en Salud. (Eds) <em>Publicaciones de la Universidad de Ja\u00e9n, <\/em>p. 202-203. ISBN: 9788484399865<\/p>\n<p>Moreno, S., Moral, L. (2016). La imprevisibilidad de los cuidados familiares a personas mayores afectadas por demencia. 1er Congreso Internacional de Investigaci\u00f3n Multidisciplinar en Salud. (Eds) <em>Publicaciones de la Universidad de Ja\u00e9n<\/em>. ISBN: 9788484399865<\/p>\n<p>Moreno, S., Moral, L., Ruiz, E. (2016). La otra vida de las personas cuidadoras familiares de mayores con demencia, en Calidad de vida. Cuidadores e intervenci\u00f3n para la mejora de la salud en el envejecimiento Volumen VI. (Eds)<em> Asociaci\u00f3n Universitaria de Educaci\u00f3n y Psicolog\u00eda<\/em>. Cap\u00edtulo 19, pp. 129-134. ISBN: 978-84-608-8898-7<\/p>\n<p>Palomino, M., Moreno, S., Moral, L. (2016). El cuidado de un familiar afectado por Demencia\/Alzheimer: Retos, cambios y necesidades de adaptaci\u00f3n. 1er Congreso Internacional de Investigaci\u00f3n Multidisciplinar en Salud. (Eds) <em>Publicaciones de la Universidad de Ja\u00e9n.<\/em> Cap\u00edtulo: 227. ISBN: 9788484399865<\/p>\n<p>Palomino-Moral, Pedro Angel. . Familia, discapacidad y salud, una reflexi\u00f3n necesaria. IV Congreso Internacional sobre Discapacidad Intelectual e Inclusi\u00f3n. Universidad de Ja\u00e9n. 2016.<\/p>\n<p>Palomino-Moral, Pedro Angel. Taller La Realidad de los cuidados familiares a una persona afectada por demencia. La noche europea de los investigadores. 27 Octubre 2016. Ja\u00e9n.<\/p>\n<p>Serrano-Ortega, Natalia. MANEJO Y CONOCIMIENTO DE LOS CUIDADORES SOBRE LA FIEBRE EN NI\u00d1OS. Congreso Internacional Virtual de enfermer\u00eda familiar y comunitaria. Aula Virtual ASANEC 2016.<\/p>\n<p>Serrano-Ortega, Natalia. Relaci\u00f3n entre la estrategia de afrontamiento centrada en los problemas y ansiedad en personas cuidadoras de mayores dependientes. Congreso Internacional Virtual de enfermer\u00eda familiar y comunitaria. Virtual 2016.<\/p>\n<p>Moreno, S., Moral, L. (2016). Los motivos para cuidar a personas mayores dependientes desde la perspectiva cualitativa. 1er Congreso Internacional de Investigaci\u00f3n Multidisciplinar en Salud. (Eds) <em>Publicaciones de la Universidad de Ja\u00e9n. <\/em>Cap\u00edtulo 39. ISBN: 9788484399865<\/p>\n<p>Moral, L. Necesidades educativas de las personas cuidadoras familiares al inicio del cuidado de un mayor dependiente. University of Jaen and Center for Qualitative Psychology. 2016.<\/p>\n<p>Moral, L. y Moreno, C. (2016). Actividades cuidado familiar: la parte m\u00e1s dif\u00edcil del cuidado de una persona mayor dependiente, en Calidad de vida. Cuidadores e intervenci\u00f3n para la mejora de la salud en el envejecimiento Volumen VI. (Eds)<em> Asociaci\u00f3n Universitaria de Educaci\u00f3n y Psicolog\u00eda. <\/em>Cap\u00edtulo 22, p. 149-153. ISBN: 978-84-608-8898-7<\/p>\n<p style=\"text-align: center;\"><span style=\"color: #ff0000;\">2015<\/span><\/p>\n<p>Serrano-Ortega N. Plan de Cuidados: Enfermer\u00eda ante un paciente dependiente y su cuidador principal. [Nursing Care Plan: Dependent patient and his primary caregiver]. Comunicaci\u00f3n en congreso. Congreso Internacional Virtual de Enfermer\u00eda Familiar y Comunitaria 2015.<\/p>\n<p>Moreno-C\u00e1mara S, Palomino-Moral PA, Moral-Fern\u00e1ndez L. Los problemas en el cuidado familiar a una persona afectada por demencia: una revisi\u00f3n sistem\u00e1tica de la literatura. [Problems in the family care to person with dementia: Systematic review of the literature]. Comunicaci\u00f3n en congreso. II Congreso Internacional de Investigaci\u00f3n en Salud y Envejecimiento. Internacional. Almer\u00eda, Espa\u00f1a 2015.<\/p>\n<p>Moreno-C\u00e1mara S, Moral-Fern\u00e1ndez L. Motivos para el cuidado de personas mayores dependientes. [Reasons for the older persons dependent care]. Comunicaci\u00f3n en congreso. II Congreso Internacional de Investigaci\u00f3n en Salud y Envejecimiento. Almer\u00eda, Espa\u00f1a 2015.<\/p>\n<p>Moreno-C\u00e1mara S, Moral-Fern\u00e1ndez L. \u00bfQu\u00e9 sienten las personas cuidadoras cuando tienen que hacerse cargo del cuidado de un familiar mayor dependiente?. [What caregivers feel when they have to take care of elderly dependent relative?]. Comunicaci\u00f3n en congreso. II Congreso Internacional de Investigaci\u00f3n en Salud y Envejecimiento. Almer\u00eda, Espa\u00f1a 2015.<\/p>\n<p>Serrano-Ortega N. Relaci\u00f3n entre diferentes estrategias de afrontamiento y depresi\u00f3n, ajustado por g\u00e9nero, sobrecarga y dedicaci\u00f3n en cuidadores familiares. [Relationship between different coping strategies and depression, adjusted for gender, excessive burden and dedication of family caregivers]. Comunicaci\u00f3n en congreso. II Congreso Internacional Virtual Ibero Americano de Enfermer\u00eda. 2015.<\/p>\n<p>Hern\u00e1ndez Susarte AM, Ruzafa Mart\u00ednez M, C\u00e1novas Tom\u00e1s MA, Ramos-Morcillo AJ, Moreno Mart\u00ednez FJ. La figura del cuidador familiar hospitalario desde su propia perspectiva y la del profesional.\u00a0Comunicaci\u00f3n oral. Murcia. I Jornadas Doctorales de la Universidad de Murcia. Murcia 28-29 Abril 2015.<\/p>\n<p>Hern\u00e1ndez Susarte AM, Ruzafa Mart\u00ednez M, Ramos-Morcillo AJ, C\u00e1novas Tom\u00e1s MA, Moreno Mart\u00ednez CE, Moreno Mart\u00ednez FJ. Necesidades de los cuidadores familiares y satisfacci\u00f3n de las mimas en una planta de hospitalizaci\u00f3n de adultos.\u00a0Comunicaci\u00f3n oral. Murcia. III Congreso nacional de enfermer\u00eda UCAM. Murcia 29 Abril 2015.<\/p>\n<p>Serrano-Ortega N, Moral-Llamas MC, Soriano-Cintas J. Relaci\u00f3n entre diferentes estrategias de afrontamiento y depresi\u00f3n, ajustado por g\u00e9nero, sobrecarga y dedicaci\u00f3n en cuidadores familiares. II Congreso Internacional Virtual Ibero Americano de Enfermer\u00eda. 18-25 marzo de 2015.<\/p>\n<p>L\u00f3pez, C., Moral, L. y \u00a0Moreno, S.\u00a0(2015). Motivos para el cuidado de personas mayores dependientes, en Calidad de vida. Cuidadores e intervenci\u00f3n para la mejora de la salud en el envejecimiento. Volumen III. (Eds) Asociaci\u00f3n Universitaria de Educaci\u00f3n y Psicolog\u00eda. Pp. 301-308. ISBN:\u00a0978-84-606-8850-1.<\/p>\n","protected":false},"featured_media":0,"parent":0,"menu_order":58,"template":"","portfolio_cats":[294],"class_list":["post-775","portfolio","type-portfolio","status-publish","hentry","portfolio_cats-conferences-en"],"acf":[],"_links":{"self":[{"href":"https:\/\/cuidsalud.com\/en\/wp-json\/wp\/v2\/portfolio\/775","targetHints":{"allow":["GET"]}}],"collection":[{"href":"https:\/\/cuidsalud.com\/en\/wp-json\/wp\/v2\/portfolio"}],"about":[{"href":"https:\/\/cuidsalud.com\/en\/wp-json\/wp\/v2\/types\/portfolio"}],"version-history":[{"count":0,"href":"https:\/\/cuidsalud.com\/en\/wp-json\/wp\/v2\/portfolio\/775\/revisions"}],"wp:attachment":[{"href":"https:\/\/cuidsalud.com\/en\/wp-json\/wp\/v2\/media?parent=775"}],"wp:term":[{"taxonomy":"portfolio_cats","embeddable":true,"href":"https:\/\/cuidsalud.com\/en\/wp-json\/wp\/v2\/portfolio_cats?post=775"}],"curies":[{"name":"wp","href":"https:\/\/api.w.org\/{rel}","templated":true}]}}

<p style="text-align: center;"><span style="color: #ff0000;">2018</span></p>
<p>Moreno Cámara S, López Martínez C, Parra Anguita L. La vida paralela a los cuidados familiares de mayores con demencia [Life concomitant to the family care of elderly people with dementia]. IV Congreso internacional en contextos clínicos y de la salud. Murcia, 9 de marzo de 2018.</p>
<p>Moreno Cámara S, Parra Anguita L, López Martínez C. Las renuncias de las personas cuidadoras familiares de mayores con demencia [The resignations of family carers of elderly people with dementia]. IV Congreso internacional en contextos clínicos y de la salud. Murcia, 9 de marzo de 2018.</p>
<p>López Martínez C, Jurado Suarez D, Gómez Belmonte M, Moreno Cámara S. Satisfacción y apoyo social percibido en cuidadoras informales de familiares mayores dependientes de las comarcas de Jaén [Satisfaction and social support perceived in informal caregivers of dependent older dependents in the regions of Jaen]. IV Congreso internacional en contextos clínicos y de la salud. Murcia, 9 de marzo de 2018.</p>
<p>Moreno Cámara S. Taller 2: Apoyo a cuidadoras de personas mayores con demencia/Alzheimer desde internet [Workshop 2: Support for carers of elderly people with dementia/Alzheimer&#8217;s from the internet]. II Congreso Internacional de Investigación multidisciplinar en salud. Jaén, 10 de abril de 2018.</p>
<p style="text-align: center;"><span style="color: #ff0000;">2017</span></p>
<p>Pérez-Cruz M, Muñoz- Martínez MA, Parra Anguita L, Sánchez-García I. Necesidades básicas atendidas por las cuidadoras hospitalarias [Basic needs attended to by hospital caregivers]. XXI Encuentro Internacional de Investigación en Cuidados (Investen). Madrid, 14-17 de noviembre de 2017. Disponible en: <a href="http://www.isciii.es/ISCIII/es/contenidos/fd-el-instituto/fd-organizacion/fd-estructura-directiva/fd-subdireccion-general-servicios-aplicados-formacion-investigacion/fd-centros-unidades/fd-investen-isciii-2/docus/2017_XXI_encuentro_Investen_Madrid.pdf" target="_blank" rel="noopener noreferrer">Libro de ponencias</a></p>
<p>Pérez-Cruz M, Parra Anguita L, Sánchez-García I, Del-Pino-Casado R. Factores relacionados con la ansiedad en personas cuidadoras familiares de mayores dependientes [Factors related with anxiety in family carers of elderly dependents]. XXI Encuentro Internacional de Investigación en Cuidados (Investen). Madrid, 14-17 de noviembre de 2017. Disponible en: <a href="http://www.isciii.es/ISCIII/es/contenidos/fd-el-instituto/fd-organizacion/fd-estructura-directiva/fd-subdireccion-general-servicios-aplicados-formacion-investigacion/fd-centros-unidades/fd-investen-isciii-2/docus/2017_XXI_encuentro_Investen_Madrid.pdf" target="_blank" rel="noopener noreferrer">Libro de ponencias</a></p>
<p>Moreno Cámara S. Necesidades y problemas de las personas cuidadoras familiares (PCF) de mayores con demencia/Alzheimer [Needs and problems of family caregivers (FCP) of elderly people with dementia/Alzheimer&#8217;s]. Workshop: mapeando la cognición a lo largo del continuo de la enfermedad de Alzheimer. Jaén, 10 de noviembre de 2017.</p>
<p>Serrano-Ortega, Natalia. Sobrecarga subjetiva y ansiedad en personas cuidadoras de mayores dependientes. IV Congreso Internacional Virtual Iberoamericano de Enfermería.Funciden. Aula Virtual de Funciden. 2017.</p>
<p style="text-align: center;"><span style="color: #ff0000;">2016</span></p>
<p>Serrano-Ortega, Natalia. DECUIDA: Escala para la medición de la dedicación en personas cuidadoras de mayores dependientes. III Congreso Internacional Virtual Ibero Americano de Enfermería. 8-15 Marzo 2016.</p>
<p>Serrano-Ortega, Natalia. Estudio Longitudinal para la mejora de la calidad de vida en el cuidado informal. Estudio Longitudinal para la mejora de la calidad de vida en el cuidado informal. 2016. Córdoba.</p>
<p>Serrano-Ortega, Natalia . Estrategia de afrontamiento disfuncional y sobrecarga subjetiva en el cuidado familiar de mayores dependientes. I Congreso Internacional de Investigación Multidisciplinar en Salud. 14-15 Abril 2016. Universidad de Jaén.</p>
<p>Moral, L., Moreno, S., Frías, A., Palomino, P.A. y Del Pino, R. (2016). El comienzo del cuidado de un familiar mayor dependiente: una metasíntesis cualitativa. 1er Congreso Internacional de Investigación Multidisciplinar en Salud. (Eds) <em>Publicaciones de la Universidad de Jaén, </em>p. 202-203. ISBN: 9788484399865</p>
<p>Moreno, S., Moral, L. (2016). La imprevisibilidad de los cuidados familiares a personas mayores afectadas por demencia. 1er Congreso Internacional de Investigación Multidisciplinar en Salud. (Eds) <em>Publicaciones de la Universidad de Jaén</em>. ISBN: 9788484399865</p>
<p>Moreno, S., Moral, L., Ruiz, E. (2016). La otra vida de las personas cuidadoras familiares de mayores con demencia, en Calidad de vida. Cuidadores e intervención para la mejora de la salud en el envejecimiento Volumen VI. (Eds)<em> Asociación Universitaria de Educación y Psicología</em>. Capítulo 19, pp. 129-134. ISBN: 978-84-608-8898-7</p>
<p>Palomino, M., Moreno, S., Moral, L. (2016). El cuidado de un familiar afectado por Demencia/Alzheimer: Retos, cambios y necesidades de adaptación. 1er Congreso Internacional de Investigación Multidisciplinar en Salud. (Eds) <em>Publicaciones de la Universidad de Jaén.</em> Capítulo: 227. ISBN: 9788484399865</p>
<p>Palomino-Moral, Pedro Angel. . Familia, discapacidad y salud, una reflexión necesaria. IV Congreso Internacional sobre Discapacidad Intelectual e Inclusión. Universidad de Jaén. 2016.</p>
<p>Palomino-Moral, Pedro Angel. Taller La Realidad de los cuidados familiares a una persona afectada por demencia. La noche europea de los investigadores. 27 Octubre 2016. Jaén.</p>
<p>Serrano-Ortega, Natalia. MANEJO Y CONOCIMIENTO DE LOS CUIDADORES SOBRE LA FIEBRE EN NIÑOS. Congreso Internacional Virtual de enfermería familiar y comunitaria. Aula Virtual ASANEC 2016.</p>
<p>Serrano-Ortega, Natalia. Relación entre la estrategia de afrontamiento centrada en los problemas y ansiedad en personas cuidadoras de mayores dependientes. Congreso Internacional Virtual de enfermería familiar y comunitaria. Virtual 2016.</p>
<p>Moreno, S., Moral, L. (2016). Los motivos para cuidar a personas mayores dependientes desde la perspectiva cualitativa. 1er Congreso Internacional de Investigación Multidisciplinar en Salud. (Eds) <em>Publicaciones de la Universidad de Jaén. </em>Capítulo 39. ISBN: 9788484399865</p>
<p>Moral, L. Necesidades educativas de las personas cuidadoras familiares al inicio del cuidado de un mayor dependiente. University of Jaen and Center for Qualitative Psychology. 2016.</p>
<p>Moral, L. y Moreno, C. (2016). Actividades cuidado familiar: la parte más difícil del cuidado de una persona mayor dependiente, en Calidad de vida. Cuidadores e intervención para la mejora de la salud en el envejecimiento Volumen VI. (Eds)<em> Asociación Universitaria de Educación y Psicología. </em>Capítulo 22, p. 149-153. ISBN: 978-84-608-8898-7</p>
<p style="text-align: center;"><span style="color: #ff0000;">2015</span></p>
<p>Serrano-Ortega N. Plan de Cuidados: Enfermería ante un paciente dependiente y su cuidador principal. [Nursing Care Plan: Dependent patient and his primary caregiver]. Comunicación en congreso. Congreso Internacional Virtual de Enfermería Familiar y Comunitaria 2015.</p>
<p>Moreno-Cámara S, Palomino-Moral PA, Moral-Fernández L. Los problemas en el cuidado familiar a una persona afectada por demencia: una revisión sistemática de la literatura. [Problems in the family care to person with dementia: Systematic review of the literature]. Comunicación en congreso. II Congreso Internacional de Investigación en Salud y Envejecimiento. Internacional. Almería, España 2015.</p>
<p>Moreno-Cámara S, Moral-Fernández L. Motivos para el cuidado de personas mayores dependientes. [Reasons for the older persons dependent care]. Comunicación en congreso. II Congreso Internacional de Investigación en Salud y Envejecimiento. Almería, España 2015.</p>
<p>Moreno-Cámara S, Moral-Fernández L. ¿Qué sienten las personas cuidadoras cuando tienen que hacerse cargo del cuidado de un familiar mayor dependiente?. [What caregivers feel when they have to take care of elderly dependent relative?]. Comunicación en congreso. II Congreso Internacional de Investigación en Salud y Envejecimiento. Almería, España 2015.</p>
<p>Serrano-Ortega N. Relación entre diferentes estrategias de afrontamiento y depresión, ajustado por género, sobrecarga y dedicación en cuidadores familiares. [Relationship between different coping strategies and depression, adjusted for gender, excessive burden and dedication of family caregivers]. Comunicación en congreso. II Congreso Internacional Virtual Ibero Americano de Enfermería. 2015.</p>
<p>Hernández Susarte AM, Ruzafa Martínez M, Cánovas Tomás MA, Ramos-Morcillo AJ, Moreno Martínez FJ. La figura del cuidador familiar hospitalario desde su propia perspectiva y la del profesional. Comunicación oral. Murcia. I Jornadas Doctorales de la Universidad de Murcia. Murcia 28-29 Abril 2015.</p>
<p>Hernández Susarte AM, Ruzafa Martínez M, Ramos-Morcillo AJ, Cánovas Tomás MA, Moreno Martínez CE, Moreno Martínez FJ. Necesidades de los cuidadores familiares y satisfacción de las mimas en una planta de hospitalización de adultos. Comunicación oral. Murcia. III Congreso nacional de enfermería UCAM. Murcia 29 Abril 2015.</p>
<p>Serrano-Ortega N, Moral-Llamas MC, Soriano-Cintas J. Relación entre diferentes estrategias de afrontamiento y depresión, ajustado por género, sobrecarga y dedicación en cuidadores familiares. II Congreso Internacional Virtual Ibero Americano de Enfermería. 18-25 marzo de 2015.</p>
<p>López, C., Moral, L. y  Moreno, S. (2015). Motivos para el cuidado de personas mayores dependientes, en Calidad de vida. Cuidadores e intervención para la mejora de la salud en el envejecimiento. Volumen III. (Eds) Asociación Universitaria de Educación y Psicología. Pp. 301-308. ISBN: 978-84-606-8850-1.</p>
